*n = -2*p - 55, 5*p = -n + 5 + 2. Let f be h(n). Let x(a) = a**2 + 3*a + 1. Give x(f).
11
Let j = 875 - 875. Let r(y) = 3*y**3 + y - 3. Determine r(j).
-3
Let y(i) = 3*i + 8. Let q(a) = 5. Let p(b) = 3*q(b) - y(b). Give p(0).
7
Let s = 720 - 725. Let z(a) = -a**2 - 12*a. Calculate z(s).
35
Suppose -5*v = -30*v. Let d(u) = -u**3 - u**2 - u - 12. What is d(v)?
-12
Suppose h - 8 + 20 = 4*q, 0 = -5*h + 3*q + 8. Let y be 6*1 - (0 + -1). Let i(w) = y - 9 - w - h. Determine i(-5).
-1
Let x be 14/91 - 50/(-13). Let a(o) = -8*o + o**2 + 8*o + x + 8*o. Let q(l) = -2*l + 6. Let w be q(5). Calculate a(w).
-12
Let f(a) = 6*a**2 + a. Suppose 4 = 2*i + 6. Let w be f(i). Let u(t) = -4*t + 4*t**2 + 6*t**2 + 2 - 9*t**2. What is u(w)?
7
Let a(d) = -d - 94. Let c(h) = h + 113. Let o(z) = 6*a(z) + 5*c(z). Suppose -4*w + 3*l = -17, w = 3*l - 5*l + 7. Give o(w).
-4
Let i(o) = -o**3 + 4*o**2 + 2*o - 3. Suppose 36*h - 37*h = -5*k + 12, -3*k - 4*h = -21. Determine i(k).
12
Let v(k) = -4 + 28*k**2 - 27*k**2 - 2 + 11*k. Let u be v(-12). Let a(p) = p**3 - 8*p**2 + 8*p + 4. Give a(u).
-20
Let n(d) = d**3 - 4*d**2 + d + 1. Suppose 2*v + 24 = 3*m + 5*v, 0 = 5*v. Suppose -m = 3*u + u. Let h be 9/2*u/(-3). Determine n(h).
-5
Let o(l) be the second derivative of l**4/12 + l**3/6 - l**2/2 + 155*l. Calculate o(6).
41
Suppose 0 = 5*i + 5, -4*l + 12 = -3*l - 3*i. Let q = l - 17. Let s = q + 13. Let g(r) = r. Calculate g(s).
5
Let b(z) = -z**3 + 3*z - 5. Let n(r) = 44 + r**3 - r**2 - 16 - 3*r - 14 - 10. Let w(h) = -2*b(h) - 3*n(h). What is w(3)?
7
Let j(s) = -s**3 - 3*s**2 + 4*s + 3. Let p(c) = c + 14. Let t be p(-8). Suppose 0 = -2*w + t - 12. What is j(w)?
-9
Suppose -34 = -4*l - 70. Let i(m) = -m**2 - 12*m - 27. Determine i(l).
0
Let r be 3 - ((-4)/10)/(3/(-60)). Let i(q) = 6*q**3 - q**2 + 4*q - 3. Let v(d) = 11*d**3 - d**2 + 7*d - 5. Let l(h) = r*i(h) + 3*v(h). Calculate l(-2).
-18
Suppose 0 = 4*u - 8, -3*b + u + 23 = 5*u. Let n(m) = -34 + b*m - 34 + 70. What is n(4)?
22
Let x = -566 - -566. Let c(w) be the third derivative of -13*w**2 - 1/3*w**3 + x + 1/24*w**4 + 0*w. Give c(2).
0
Let a(o) = -4*o + 15. Let v(j) = -j + 5. Let x(d) = -3*d + 15. Let y(h) = 17*v(h) - 6*x(h). Let r(f) = 2*a(f) + 7*y(f). What is r(-5)?
0
Let q(n) = -n**2 + 32*n + 327. Let u be q(40). Let z(x) = -8*x**2 - 9 + x**2 + x**3 + 1. Calculate z(u).
-8
Let a(h) = -h**2 + 9*h - 7. Let z = 59 - 55. Let k be 4/(z/(7 + 1)) - 2. What is a(k)?
11
Let t(p) be the second derivative of 3*p**2 - 1/2*p**3 + 19*p + 0. Determine t(-5).
21
Let j(w) be the second derivative of w**3/3 + 3*w**2 - 3*w + 7. Give j(5).
16
Let p(h) = h**2 + 5*h - 6. Let n(f) = f**3 + 5*f**2 - f + 2. Let x be n(-5). Suppose 22 + 13 = -x*g. Calculate p(g).
-6
Let c = 83 + -77. Let g(i) = 0 + 5*i - 1 + 2*i**2 + 7 - 3*i**2. Determine g(c).
0
Let c(p) = 10 - 9*p + 6*p - 6*p + 8*p. Give c(6).
4
Let u(x) = x**3 - 2*x**2 - 2*x + 1. Let q(o) = -o**3 - o**2 - 1. Let d(t) = 2*q(t) + u(t). Let m be 1/((-2)/(-6)*-1). What is d(m)?
-4
Let n(z) = z**2 + 12*z - 6. Let k = -413 - -400. Determine n(k).
7
Let q(b) = 4*b**2 - 4*b - 14. Suppose -5*j + 15 = -2*j. Let x(a) = 5*a**2 - 3*a - 15. Let r(g) = j*x(g) - 6*q(g). Determine r(-6).
-9
Let b(i) = -i**3 + 2*i**2 + i. Let t be ((-2)/4)/(5/10). Let x be b(t). Let k(w) = -2*w**3 + 6*w**x + 3*w**3 - 8*w**2 + 2*w. Give k(2).
4
Let n(d) = 4*d**2 - 94*d + 53. Let y be n(23). Let r(q) = -4*q**2 + 7*q + 1. Let s(x) = x**2. Let h(g) = -r(g) - 3*s(g). What is h(y)?
-1
Let k(p) = -p**3 + 15*p**2 - 14*p - 20. Suppose -9*n - 35 + 161 = 0. Give k(n).
-20
Let d(o) be the second derivative of -o**4/6 + o**3/6 + 5*o. Let m = 3 + -4. Let a be -1*m/1*-1. What is d(a)?
-3
Let s(w) = w**3 + 6*w**2 + 7*w + 6. Suppose 0 = -3*y + 2*i - 11, -3*y - 4*i - 33 = 2*y. Give s(y).
-4
Let o(b) = 7*b**2 - 3*b. Let u(s) = s**2 - s + 1. Let z(g) = o(g) - 6*u(g). Suppose 127*d - 134*d - 42 = 0. Determine z(d).
12
Let m(r) = 2*r**2 - 2*r + 4. Let z(o) = o**2 - o + 2. Let y(x) = 3*m(x) - 5*z(x). Let c be y(2). Let t(p) = -p - 2. Determine t(c).
-6
Suppose 6*q - 2*q + 8 = 0. Let i(l) = 2*l**2 + 3*l + 2. Let b be i(q). Suppose 4 = -b*j - 12. Let t(v) = v**2 + 2*v - 4. Calculate t(j).
4
Let y(p) = -15*p + 1. Let q(c) = 14*c - 1. Suppose -b - 2*b = -5*h + 28, -h - b + 4 = 0. Let a(f) = h*q(f) + 4*y(f). Calculate a(-1).
-11
Suppose -4*q = -19 - 5. Let b(m) = -2*m**2 - 3*m - 1. Let k(w) = -w**2 - w - 1. Let z(h) = q*b(h) - 11*k(h). Determine z(-7).
5
Let g(t) = 118*t + 122*t - 18 - 239*t + 6. What is g(2)?
-10
Let f be 4 - (-1)/2*22. Suppose 6*j - b + f = 2*j, -3 = 3*j + 2*b. Let z(g) = g**2 + 3*g + 3. Calculate z(j).
3
Let x(u) = -4*u**2 + 17*u - 13. Let n be x(4). Let y(t) = -t**3 - 9*t**2 - 6*t - 4. Determine y(n).
50
Let b(s) = 3*s**2 + 4*s - 17 + 8 - 4*s**2 + 16*s - 7*s. Determine b(8).
31
Let m(k) be the third derivative of -k**6/120 + k**5/15 + k**4/12 + k**3/6 - k**2 + 56*k. Suppose 2*i = 6 + 2. Determine m(i).
9
Let w(u) = u**2 + 7*u + 3. Let x be 2/(-11) + 19/((-836)/168). Give w(x).
-9
Let a(h) = -9 + 0*h**2 - 12*h**2 + 0*h**2 + 13*h**2 + 7*h + 0*h. What is a(-4)?
-21
Let o(z) be the third derivative of -7*z**5/60 + z**4/24 + z**3/6 + z**2 + 42*z. Give o(-1).
-7
Let w(o) = 7*o**2 - 7*o + 23. Let b(t) = 3*t**2 - 3*t + 11. Let y(l) = 5*b(l) - 2*w(l). Let v = 26 - 24. Let h be 0/(-5)*v/(-4). Calculate y(h).
9
Let l(w) be the first derivative of 0*w**3 + 13/4*w**4 - 19 - w - w**2. Calculate l(-1).
-12
Let p(r) = 10*r - 17 + 3*r**2 - 2*r - 8 - 3. Let x(z) = 2*z**2 + 5*z - 19. Let y(f) = 5*p(f) - 7*x(f). Give y(-7).
7
Let c(p) = p**3 + 6*p**2 + 2 - 2*p**3 + 1 - 7*p. Let r be (-69 + 3)/(0 + (-3)/2). Let b = r - 39. What is c(b)?
-7
Let l(b) = -2*b. Suppose -p + 4*a = -34, a - 30 = -p + 6*a. Let x be 100/175 + p/(-14). Determine l(x).
6
Let c(t) = t**2 - 10*t. Let b be 11 + (0 - 5) + 3. Determine c(b).
-9
Let l(k) = -1 - 3 + 7*k + 9*k. Let q = 5 - 2. Let j(b) = -47*b + 11. Let z(a) = q*j(a) + 8*l(a). What is z(1)?
-12
Let o(d) = -d - 4. Let h be o(-4). Let g(q) be the second derivative of q**4/12 - 5*q**2/2 - 268*q + 3. Calculate g(h).
-5
Let d(b) = -4*b**2 - b**3 - 103 - 6*b + 111 - 3*b**2. Suppose -5*c = -p + 5*p + 39, 0 = -4*p + 5*c - 9. What is d(p)?
8
Let y(o) = -5*o**2. Let q(w) = w**3 + 17*w**2 + 15*w - 13. Let t be q(-16). Suppose 0 = t*f - 0*f. Let s be -1*((-1)/(-1) - f). Determine y(s).
-5
Let o(d) = -d**2 - d - 2. Let f(r) = -2*r**2 - 2*r - 5. Let i(u) = -2*f(u) + 5*o(u). Let l(a) = 2*a**2 + 2*a. Let q(b) = 5*i(b) + 2*l(b). Give q(3).
-12
Let f(k) = -8*k**2 + 4*k - 3. Let u = -286 - -287. Calculate f(u).
-7
Let b(u) = -8*u - 9. Let o(i) = -4*i - 4. Let w(v) = -2*b(v) + 5*o(v). Suppose -67*a + 69*a - 6 = 0. Calculate w(a).
-14
Let o(i) be the second derivative of -i**4/12 - 7*i**3/6 - 3*i**2/2 - 2*i + 73. Let a(b) = -b - 3. Let n be a(3). Determine o(n).
3
Let g(b) = 3*b + 0 - 8 + b**2 + 2*b. Suppose 2*n = l - 13, 18*n - 5*l - 25 = 23*n. Calculate g(n).
-2
Let i(d) = -d**2 + d**3 + 2848834*d - 2848834*d - 2. Let v be (-2 - -3)/((-2)/(-4)). Give i(v).
2
Let c(r) be the third derivative of -r**5/60 - 11*r**4/24 - 5*r**3/6 + 2*r**2 + 7. What is c(-7)?
23
Let s(n) be the second derivative of n**5/60 - n**4/6 - 2*n**3/3 + 9*n**2/2 + 5*n. Let p(w) be the first derivative of s(w). Let c = -4 + 9. Determine p(c).
1
Let f(g) be the third derivative of -g**6/120 + g**5/10 + g**3/6 - 108*g**2. Give f(5).
26
Let b(u) = 26*u - 12*u**3 - 24*u**2 + 34*u**2 - 3*u + 11*u**3 + 7. Determine b(12).
-5
Suppose 2*f = -m - m + 72, 5*m = -f + 32. Let b = f + -29. Let a(c) = c**3 - 9*c**2 + 8*c - 3. What is a(b)?
-3
Let w(c) = -c**2 + 6*c + 32. Let o be 4 - (-16*3)/8. Calculate w(o).
-8
Let q(l) = 3*l**2 + 15 - 2*l**3 - 5*l - 41 + 20. Let i(d) = d**3 + d. Let w(s) = 3*i(s) + q(s). Give w(-4).
-14
Let c(y) = y**2 + 4*y - 2. Suppose -x + 4 = 4*f - 5*x, 5*x + 12 = -2*f. Let s be (f - -2)/(0 - 1). Let h be (-4 - (s + 3))/1. Give c(h).
10
Let d(l) = 13*l**3 + l**2. Suppose -122 = -7*o + 18. Suppose -3*v + o = 2*v, 3*q = 5*v - 23. Determine d(q).
-12
Let f(a) = -2*a - 16. Suppose 5*d - 25 = 10*d. Let q be f(d). Let c(u) = u**3 + 5*u**2 - 5*u - 1. Calculate c(q).
-7
Let j(q) = 17*q - 66624*q**3 + 18 + 9*q + 66625*q**3 + 14*q**2. Determine j(-12).
-6
Suppose 2*z = -4, -3*u 